{"id":366,"date":"2020-12-08T13:47:02","date_gmt":"2020-12-08T12:47:02","guid":{"rendered":"https:\/\/ensigndev.no\/hinnafk\/?page_id=366"},"modified":"2021-04-29T10:59:12","modified_gmt":"2021-04-29T08:59:12","slug":"lagsider-jenter-2014","status":"publish","type":"page","link":"https:\/\/ensigndev.no\/hinnafk\/lagsider-jenter-2014\/","title":{"rendered":"Lagsider &#8211; Jenter 2014"},"content":{"rendered":"\n<p>Vi \u00f8nsker alle jenter f\u00f8dt 2014 velkommen til Hinna Fotball.<\/p>\n\n\n\n<p>Jenter f\u00f8dt 2015 er ogs\u00e5 velkomne, dersom foresatte blir med rundt laget.<\/p>\n\n\n\n<div style=\"height:48px\" aria-hidden=\"true\" class=\"wp-block-spacer\"><\/div>\n\n\n\n<h2>Treningstider<\/h2>\n\n\n\n<figure class=\"wp-block-table\"><table><tbody><tr><td>Onsdag<\/td><td>17.00 &#8211; 18.00<\/td><td>Hitec Products banen (Lille kr\u00f8ll)<\/td><\/tr><\/tbody><\/table><\/figure>\n\n\n\n<div style=\"height:30px\" aria-hidden=\"true\" class=\"wp-block-spacer\"><\/div>\n\n\n\n<h2 class=\"has-text-align-center\">Siste nytt fra laget<\/h2>\n\n\n<ul class=\"wp-block-latest-posts__list is-grid columns-2 has-dates wp-block-latest-posts\"><\/ul>\n\n\n<div class=\"wp-block-buttons is-content-justification-right\">\n<div class=\"wp-block-button\" id=\"arr-btn\"><a class=\"wp-block-button__link\" href=\"\/hinnafk\/nyhetsarkiv\/\" style=\"border-radius:3px\">Nyhetsarkiv<\/a><\/div>\n<\/div>\n\n\n\n<div style=\"height:30px\" aria-hidden=\"true\" class=\"wp-block-spacer\"><\/div>\n","protected":false},"excerpt":{"rendered":"<p>Vi \u00f8nsker alle jenter f\u00f8dt 2014 velkommen til Hinna Fotball. Jenter f\u00f8dt 2015 er ogs\u00e5 velkomne, dersom foresatte blir med rundt laget. Treningstider Onsdag 17.00 &#8211; 18.00 Hitec Products banen (Lille kr\u00f8ll) Siste nytt fra laget<\/p>\n","protected":false},"author":1,"featured_media":0,"parent":0,"menu_order":0,"comment_status":"closed","ping_status":"closed","template":"","meta":{"_monsterinsights_skip_tracking":false,"_monsterinsights_sitenote_active":false,"_monsterinsights_sitenote_note":"","_monsterinsights_sitenote_category":0,"spay_email":""},"jetpack_sharing_enabled":true,"_links":{"self":[{"href":"https:\/\/ensigndev.no\/hinnafk\/wp-json\/wp\/v2\/pages\/366"}],"collection":[{"href":"https:\/\/ensigndev.no\/hinnafk\/wp-json\/wp\/v2\/pages"}],"about":[{"href":"https:\/\/ensigndev.no\/hinnafk\/wp-json\/wp\/v2\/types\/page"}],"author":[{"embeddable":true,"href":"https:\/\/ensigndev.no\/hinnafk\/wp-json\/wp\/v2\/users\/1"}],"replies":[{"embeddable":true,"href":"https:\/\/ensigndev.no\/hinnafk\/wp-json\/wp\/v2\/comments?post=366"}],"version-history":[{"count":6,"href":"https:\/\/ensigndev.no\/hinnafk\/wp-json\/wp\/v2\/pages\/366\/revisions"}],"predecessor-version":[{"id":962,"href":"https:\/\/ensigndev.no\/hinnafk\/wp-json\/wp\/v2\/pages\/366\/revisions\/962"}],"wp:attachment":[{"href":"https:\/\/ensigndev.no\/hinnafk\/wp-json\/wp\/v2\/media?parent=366"}],"curies":[{"name":"wp","href":"https:\/\/api.w.org\/{rel}","templated":true}]}}