{"id":352,"date":"2020-12-08T13:45:10","date_gmt":"2020-12-08T12:45:10","guid":{"rendered":"https:\/\/ensigndev.no\/hinnafk\/?page_id=352"},"modified":"2021-04-29T10:26:05","modified_gmt":"2021-04-29T08:26:05","slug":"lagsider-gutter-2006","status":"publish","type":"page","link":"https:\/\/ensigndev.no\/hinnafk\/lagsider-gutter-2006\/","title":{"rendered":"Lagsider &#8211; Gutter 2006"},"content":{"rendered":"\n<p>Nye spillere er alltid velkommen.<\/p>\n\n\n\n<p>Kontakt oppmann Siv Tone Hilde-Larsen (<a href=\"mailto:sivtone.hildelarsen@visindi.no\">sivtone.hildelarsen@visindi.no<\/a> \/ 916 56 109) hvis du er interessert.&nbsp;<\/p>\n\n\n\n<ul><li>Alle spillere skal m\u00f8te til trening s\u00e5 fremt de ikke er syke.<\/li><li>Dersom en spiller er skadet skal han likevel m\u00f8te opp og f\u00e5 alternative \u00f8velser.<\/li><li>Alle forfall meldes til trener (sms 922 30&nbsp;011)<\/li><li>V\u00e6r presis<\/li><li>V\u00e6r riktig kledd etter \u00e5rstid<\/li><\/ul>\n\n\n\n<p><strong>Alle spillerne skal ha med seg f\u00f8lgende utstyr til trening:<\/strong><\/p>\n\n\n\n<ul><li>Leggbeskyttere<\/li><li>Sekk (Hinna)<\/li><li>Ball<\/li><li>Vest<\/li><li>Drikkeflaske<\/li><\/ul>\n\n\n\n<div style=\"height:49px\" aria-hidden=\"true\" class=\"wp-block-spacer\"><\/div>\n\n\n\n<h2>Treningstider<\/h2>\n\n\n\n<figure class=\"wp-block-table\"><table><tbody><tr><td>Mandag<\/td><td>18.30 &#8211; 20.00<\/td><td>Wintershallbanen<\/td><\/tr><tr><td>Tirsdag<\/td><td>18.30 &#8211; 20.00<\/td><td>Wintershallbanen<\/td><\/tr><tr><td>Torsdag<\/td><td>19.00 &#8211; 20.30<\/td><td>NSE banen (J\u00e5tt\u00e5v\u00e5gen)<\/td><\/tr><\/tbody><\/table><\/figure>\n\n\n\n<div style=\"height:30px\" aria-hidden=\"true\" class=\"wp-block-spacer\"><\/div>\n\n\n\n<h2 class=\"has-text-align-center\">Siste nytt fra laget<\/h2>\n\n\n<ul class=\"wp-block-latest-posts__list is-grid columns-2 has-dates wp-block-latest-posts\"><li><a href=\"https:\/\/ensigndev.no\/hinnafk\/2020\/03\/01\/ukeplan-uke-10\/\">Ukeplan uke 10<\/a><time datetime=\"2020-03-01T12:20:00+01:00\" class=\"wp-block-latest-posts__post-date\">1. mars 2020<\/time><div class=\"wp-block-latest-posts__post-excerpt\">Ukeplan uke 10 Mandag 2. mars: Trening Randaberg Arena kl. 19:00 [&hellip;]<\/div><\/li>\n<li><a href=\"https:\/\/ensigndev.no\/hinnafk\/2020\/02\/14\/ukeplan-uke-8-og-9\/\">Ukeplan uke 8 og 9<\/a><time datetime=\"2020-02-14T12:20:00+01:00\" class=\"wp-block-latest-posts__post-date\">14. februar 2020<\/time><div class=\"wp-block-latest-posts__post-excerpt\">Ukeplan uke 8 og 9 Mandag 17. februar: trening Randaberg Arena [&hellip;]<\/div><\/li>\n<li><a href=\"https:\/\/ensigndev.no\/hinnafk\/2020\/02\/01\/ukeplan-uke-6\/\">Ukeplan uke 6<\/a><time datetime=\"2020-02-01T12:22:00+01:00\" class=\"wp-block-latest-posts__post-date\">1. februar 2020<\/time><div class=\"wp-block-latest-posts__post-excerpt\">Ukeplan uke 6 S\u00f8ndag 2. februar: Kviaserien. Bortekamp for G14-2 mot [&hellip;]<\/div><\/li>\n<li><a href=\"https:\/\/ensigndev.no\/hinnafk\/2020\/01\/26\/ukeplan-uke-5\/\">Ukeplan uke 5<\/a><time datetime=\"2020-01-26T12:23:00+01:00\" class=\"wp-block-latest-posts__post-date\">26. januar 2020<\/time><div class=\"wp-block-latest-posts__post-excerpt\">Ukeplan uke 5 Mandag 27. januar: trening i Randaberg Arena fra [&hellip;]<\/div><\/li>\n<li><a href=\"https:\/\/ensigndev.no\/hinnafk\/2020\/01\/20\/ukeplan-uke-4\/\">Ukeplan uke 4<\/a><time datetime=\"2020-01-20T12:25:00+01:00\" class=\"wp-block-latest-posts__post-date\">20. januar 2020<\/time><div class=\"wp-block-latest-posts__post-excerpt\">Ukeplan uke 4 Mandag 20. januar: trening i Randaberg Arena fra [&hellip;]<\/div><\/li>\n<\/ul>\n\n\n<div class=\"wp-block-buttons is-content-justification-right\">\n<div class=\"wp-block-button\" id=\"arr-btn\"><a class=\"wp-block-button__link\" href=\"\/hinnafk\/nyhetsarkiv\/\" style=\"border-radius:3px\">Nyhetsarkiv<\/a><\/div>\n<\/div>\n\n\n\n<div style=\"height:30px\" aria-hidden=\"true\" class=\"wp-block-spacer\"><\/div>\n\n\n\n<h2 class=\"has-text-align-center\">Lagledelse<\/h2>\n\n\n\n<figure class=\"wp-block-table alignwide\"><table><tbody><tr><td><strong>Oppmann<\/strong><br>Siv Tone Hilde-Larsen&nbsp;<br>Tlf: 916 56 109<br><a href=\"mailto:sivtone.hildelarsen@visindi.no\">sivtone.hildelarsen@visindi.no<\/a><\/td><td><strong>Hovedtrener<\/strong><br>Tom Arve Raunehaug<br>Tlf: 922 30 011<a href=\"mailto:tom.arve@raunehaug.no\"><br>tom.arve@raunehaug.no<\/a><\/td><td><strong>Hjelpetrener<\/strong><br>\u00d8yvind Mikalsen<br><a href=\"mailto:oyvind@camar.no\">oyvind@camar.no<\/a><\/td><\/tr><tr><td><strong>Hjelpetrener<\/strong><br>Stian Gjertsen<br>Tlf: 913 11 803<br><a href=\"mailto:gjert@broadpark.no\">gjert@broadpark.no<\/a><\/td><td><strong>Hjelpetrener<\/strong><br>Harald Kleivenes<\/td><td><strong>Hjelpetrener<\/strong><br>Hans Christian Magelsen<\/td><\/tr><tr><td><strong>Hjelpetrener<\/strong><br>Harald Utvik Hamre<br><a href=\"mailto:haraldutvik.hamre@dnb.no\">Haraldutvik.hamre@dnb.no<\/a><\/td><td><strong>Fair Play-kontakt<\/strong><br>Knut Olav Hettervik<\/td><td><strong>Fair Play-kontakt<\/strong><br>Roger Iversen<\/td><\/tr><tr><td><strong>Lagkoordinator<\/strong><br>\u00d8yvind Mikalsen&nbsp;<\/td><td><strong>Sosialkomite \/ Materialforvalter<\/strong><br>Siv Tone Hilde-Larsen<\/td><td><strong>Web ansvarlig<\/strong><br>Siv Tone Hilde-Larsen<br>Tlf: 916 56 109<br><a href=\"mailto:sivtone.hildelarsen@visindi.no\">sivtone.hildelarsen@visindi.no<\/a><\/td><\/tr><\/tbody><\/table><\/figure>\n\n\n\n<div style=\"height:30px\" aria-hidden=\"true\" class=\"wp-block-spacer\"><\/div>\n","protected":false},"excerpt":{"rendered":"<p>Nye spillere er alltid velkommen. Kontakt oppmann Siv Tone Hilde-Larsen (sivtone.hildelarsen@visindi.no \/ 916 56 109) hvis du er interessert.&nbsp; Alle spillere skal m\u00f8te til trening s\u00e5 fremt de ikke er syke. Dersom en spiller er skadet skal han likevel m\u00f8te opp og f\u00e5 alternative \u00f8velser. Alle forfall meldes til trener (sms 922 30&nbsp;011) V\u00e6r presis [&hellip;]<\/p>\n","protected":false},"author":1,"featured_media":575,"parent":0,"menu_order":0,"comment_status":"closed","ping_status":"closed","template":"","meta":{"_monsterinsights_skip_tracking":false,"_monsterinsights_sitenote_active":false,"_monsterinsights_sitenote_note":"","_monsterinsights_sitenote_category":0,"spay_email":""},"jetpack_sharing_enabled":true,"_links":{"self":[{"href":"https:\/\/ensigndev.no\/hinnafk\/wp-json\/wp\/v2\/pages\/352"}],"collection":[{"href":"https:\/\/ensigndev.no\/hinnafk\/wp-json\/wp\/v2\/pages"}],"about":[{"href":"https:\/\/ensigndev.no\/hinnafk\/wp-json\/wp\/v2\/types\/page"}],"author":[{"embeddable":true,"href":"https:\/\/ensigndev.no\/hinnafk\/wp-json\/wp\/v2\/users\/1"}],"replies":[{"embeddable":true,"href":"https:\/\/ensigndev.no\/hinnafk\/wp-json\/wp\/v2\/comments?post=352"}],"version-history":[{"count":10,"href":"https:\/\/ensigndev.no\/hinnafk\/wp-json\/wp\/v2\/pages\/352\/revisions"}],"predecessor-version":[{"id":943,"href":"https:\/\/ensigndev.no\/hinnafk\/wp-json\/wp\/v2\/pages\/352\/revisions\/943"}],"wp:featuredmedia":[{"embeddable":true,"href":"https:\/\/ensigndev.no\/hinnafk\/wp-json\/wp\/v2\/media\/575"}],"wp:attachment":[{"href":"https:\/\/ensigndev.no\/hinnafk\/wp-json\/wp\/v2\/media?parent=352"}],"curies":[{"name":"wp","href":"https:\/\/api.w.org\/{rel}","templated":true}]}}