{"id":320,"date":"2020-12-08T13:40:58","date_gmt":"2020-12-08T12:40:58","guid":{"rendered":"https:\/\/ensigndev.no\/hinnafk\/?page_id=320"},"modified":"2021-05-02T16:27:57","modified_gmt":"2021-05-02T14:27:57","slug":"lagsider-gutter-2005","status":"publish","type":"page","link":"https:\/\/ensigndev.no\/hinnafk\/lagsider-gutter-2005\/","title":{"rendered":"Lagsider &#8211; Gutter 2005"},"content":{"rendered":"\n<h2>Gutter 2005<\/h2>\n\n\n\n<p>\u00d8nsker du \u00e5 trene med Hinna G2005? Vi \u00f8nsker flere spillere.<\/p>\n\n\n\n<p><em>M\u00f8t gjerne direkte p\u00e5 trening eller kontakt oppmann eller en av trenerne.<\/em><\/p>\n\n\n\n<div style=\"height:45px\" aria-hidden=\"true\" class=\"wp-block-spacer\"><\/div>\n\n\n\n<h2>Treningstider<\/h2>\n\n\n\n<p>Laget bruker <a href=\"https:\/\/spond.com\/client\/groups\/D892ADE4241E4945A6500136F47735CF\/events\">SPOND<\/a> for p\u00e5melding til kamp og trening. <\/p>\n\n\n\n<p><\/p>\n\n\n\n<figure class=\"wp-block-table is-style-stripes\"><table class=\"has-subtle-pale-blue-background-color has-background\"><tbody><tr><td>Tirsdag<\/td><td>18.30 &#8211; 20.00<\/td><td>NSE banen<\/td><\/tr><tr><td>Onsdag<\/td><td>18.30 &#8211; 20.00<\/td><td>Wintershall Dea (ekstra for 18-20 treningsvillige)<\/td><\/tr><tr><td>Torsdag<\/td><td>17.30 &#8211; 19.00<\/td><td>NSE banen<\/td><\/tr><tr><td>Fredag<\/td><td>16.30 &#8211; 18.15<\/td><td>U17 (utv. trening for ca. 20 spillere fra G15-17)<\/td><\/tr><tr><td>S\u00f8ndag<\/td><td>19.55 &#8211; 21.45<\/td><td>NSE banen<\/td><\/tr><\/tbody><\/table><\/figure>\n\n\n\n<div style=\"height:28px\" aria-hidden=\"true\" class=\"wp-block-spacer\"><\/div>\n\n\n\n<h2 class=\"has-text-align-center\">Siste nytt fra Hinna Fotball<\/h2>\n\n\n<ul class=\"wp-block-latest-posts__list is-grid columns-2 has-dates wp-block-latest-posts\"><li><a href=\"https:\/\/ensigndev.no\/hinnafk\/2020\/12\/08\/ny-utstyrspakke\/\">Ny utstyrspakke<\/a><time datetime=\"2020-12-08T14:16:00+01:00\" class=\"wp-block-latest-posts__post-date\">8. desember 2020<\/time><div class=\"wp-block-latest-posts__post-excerpt\">Ny utstyrspakke Vi har gleden av \u00e5 presentere utstyrspakken for 2021. [&hellip;]<\/div><\/li>\n<li><a href=\"https:\/\/ensigndev.no\/hinnafk\/2020\/11\/30\/amputert-sesong-over-ny-starter-na\/\">Amputert sesong over. Ny starter n\u00e5.<\/a><time datetime=\"2020-11-30T14:19:00+01:00\" class=\"wp-block-latest-posts__post-date\">30. november 2020<\/time><div class=\"wp-block-latest-posts__post-excerpt\">Amputert sesong over. Ny starter n\u00e5. En kort sesong er over. [&hellip;]<\/div><\/li>\n<li><div class=\"wp-block-latest-posts__featured-image alignleft\"><a href=\"https:\/\/ensigndev.no\/hinnafk\/2020\/09\/02\/trafikalt-grunnkurs-i-det-nye-klubbhuset\/\"><img width=\"640\" height=\"218\" src=\"https:\/\/ensigndev.no\/hinnafk\/wp-content\/uploads\/2020\/09\/Haugsgjerd-Trafikalt-Grunnkurs-Informasjon-bilde.jpg-1024x348.png\" class=\"attachment-large size-large wp-post-image\" alt=\"\" loading=\"lazy\" style=\"\" srcset=\"https:\/\/ensigndev.no\/hinnafk\/wp-content\/uploads\/2020\/09\/Haugsgjerd-Trafikalt-Grunnkurs-Informasjon-bilde.jpg-1024x348.png 1024w, https:\/\/ensigndev.no\/hinnafk\/wp-content\/uploads\/2020\/09\/Haugsgjerd-Trafikalt-Grunnkurs-Informasjon-bilde.jpg-300x102.png 300w, https:\/\/ensigndev.no\/hinnafk\/wp-content\/uploads\/2020\/09\/Haugsgjerd-Trafikalt-Grunnkurs-Informasjon-bilde.jpg-768x261.png 768w, https:\/\/ensigndev.no\/hinnafk\/wp-content\/uploads\/2020\/09\/Haugsgjerd-Trafikalt-Grunnkurs-Informasjon-bilde.jpg-1536x522.png 1536w, https:\/\/ensigndev.no\/hinnafk\/wp-content\/uploads\/2020\/09\/Haugsgjerd-Trafikalt-Grunnkurs-Informasjon-bilde.jpg-2048x695.png 2048w, https:\/\/ensigndev.no\/hinnafk\/wp-content\/uploads\/2020\/09\/Haugsgjerd-Trafikalt-Grunnkurs-Informasjon-bilde.jpg-1320x448.png 1320w\" sizes=\"(max-width: 640px) 100vw, 640px\" \/><\/a><\/div><a href=\"https:\/\/ensigndev.no\/hinnafk\/2020\/09\/02\/trafikalt-grunnkurs-i-det-nye-klubbhuset\/\">Trafikalt Grunnkurs i det nye klubbhuset<\/a><time datetime=\"2020-09-02T12:34:00+02:00\" class=\"wp-block-latest-posts__post-date\">2. september 2020<\/time><div class=\"wp-block-latest-posts__post-excerpt\">Trafikalt Grunnkurs i det nye klubbhuset I september arrangerer Hinna Fotball [&hellip;]<\/div><\/li>\n<li><a href=\"https:\/\/ensigndev.no\/hinnafk\/2020\/08\/20\/bauge-auto-elitecup-2020-avlyst\/\">Bauge Auto EliteCup 2020 &#8211; Avlyst!!<\/a><time datetime=\"2020-08-20T14:22:00+02:00\" class=\"wp-block-latest-posts__post-date\">20. august 2020<\/time><div class=\"wp-block-latest-posts__post-excerpt\">Bauge Auto EliteCup 2020 &#8211; Avlyst!! Vi har f\u00e5tt den endelige [&hellip;]<\/div><\/li>\n<li><a href=\"https:\/\/ensigndev.no\/hinnafk\/2020\/04\/12\/treninger-fremover\/\">Treninger fremover<\/a><time datetime=\"2020-04-12T14:22:00+02:00\" class=\"wp-block-latest-posts__post-date\">12. april 2020<\/time><div class=\"wp-block-latest-posts__post-excerpt\">Treninger fremover Vi starter opp organiserte treninger igjen. Vi har en [&hellip;]<\/div><\/li>\n<li><a href=\"https:\/\/ensigndev.no\/hinnafk\/2020\/04\/06\/banesituasjonen-koronatider\/\">Banesituasjonen &#8211; Koronatider.<\/a><time datetime=\"2020-04-06T14:27:00+02:00\" class=\"wp-block-latest-posts__post-date\">6. april 2020<\/time><div class=\"wp-block-latest-posts__post-excerpt\">Banesituasjonen &#8211; Koronatider. Endelig er baner \u00e5pnet og m\u00e5lene l\u00e5st opp. [&hellip;]<\/div><\/li>\n<li><a href=\"https:\/\/ensigndev.no\/hinnafk\/2020\/03\/30\/koronateam-of-the-week-uke-13\/\">Koronateam of the week uke 13<\/a><time datetime=\"2020-03-30T14:34:00+02:00\" class=\"wp-block-latest-posts__post-date\">30. mars 2020<\/time><div class=\"wp-block-latest-posts__post-excerpt\">Koronateam of the week uke 13 Det er flere som trener [&hellip;]<\/div><\/li>\n<li><a href=\"https:\/\/ensigndev.no\/hinnafk\/2020\/03\/30\/hjemmetrening\/\">Hjemmetrening<\/a><time datetime=\"2020-03-30T14:32:00+02:00\" class=\"wp-block-latest-posts__post-date\">30. mars 2020<\/time><div class=\"wp-block-latest-posts__post-excerpt\">Hjemmetrening Vi anbefaler alle \u00e5 trene s\u00e5 mye som mulig. Idag, [&hellip;]<\/div><\/li>\n<li><a href=\"https:\/\/ensigndev.no\/hinnafk\/2020\/03\/27\/koronatreningoppsummering\/\">Koronatreningoppsummering<\/a><time datetime=\"2020-03-27T14:40:00+01:00\" class=\"wp-block-latest-posts__post-date\">27. mars 2020<\/time><div class=\"wp-block-latest-posts__post-excerpt\">Koronatreningoppsummering Mange av guttene v\u00e5re trener greit. Noen veldig bra. Det [&hellip;]<\/div><\/li>\n<li><a href=\"https:\/\/ensigndev.no\/hinnafk\/2020\/03\/02\/tjensvoll-cup-2020\/\">Tjensvoll Cup 2020<\/a><time datetime=\"2020-03-02T14:47:00+01:00\" class=\"wp-block-latest-posts__post-date\">2. mars 2020<\/time><div class=\"wp-block-latest-posts__post-excerpt\">Tjensvoll Cup 2020 Det begynner \u00e5 bli en tradisjon med v\u00e5rturnering [&hellip;]<\/div><\/li>\n<\/ul>\n\n\n<div class=\"wp-block-buttons is-content-justification-right\">\n<div class=\"wp-block-button\" id=\"arr-btn\"><a class=\"wp-block-button__link\" href=\"\/hinnafk\/nyhetsarkiv\/\" style=\"border-radius:3px\">Nyhetsarkiv<\/a><\/div>\n<\/div>\n\n\n\n<div style=\"height:28px\" aria-hidden=\"true\" class=\"wp-block-spacer\"><\/div>\n\n\n\n<h2 class=\"has-text-align-center\">Lagledelse<\/h2>\n\n\n\n<figure class=\"wp-block-table alignwide\"><table><tbody><tr><td><strong>Oppmann<\/strong><br>Ole Petter Flendalen<br>994 35 834<br><a href=\"mailto:opflen@gmail.com\">opflen@gmail.com<\/a><\/td><td><strong>Hovedtrener<\/strong><br>Nilsi<br>976 16 279<br><a href=\"mailto:ffo@hinnafk.no\">ffo@hinnafk.no<\/a><\/td><td><strong>Hovedtrener<\/strong><br>Sigve Krohn Naesheim<br>975 24 211<br><a href=\"mailto:sigve.naesheim@lyse.net\">sigve.naesheim@lyse.net<\/a><\/td><\/tr><tr><td><strong><strong>Hjelpetrener<\/strong><br><\/strong>Jesper Meyerhoff<br>928 61 776<br><a href=\"mailto:jesper.meyerhoff@gmail.com\">jesper.meyerhoff@gmail.com<\/a><\/td><td><strong>Hovedtrener<\/strong><br>Espen Enge<br>994 69 649<br><a href=\"mailto:eenge@repsol.com\">eenge@repsol.com<\/a><\/td><td><strong>Hjelpetrener<\/strong><br>Helge Pollestad<br>915 85 838<br><a href=\"mailto:helge.pollestad@gmail.com\">helge.pollestad@gmail.com<\/a><\/td><\/tr><tr><td><strong>Hjelpetrener<\/strong><br>Rune Nilsen<br>402 01 261<br><a href=\"mailto:rune.nilssen9@gmail.com\">rune.nilssen9@gmail.com<\/a><\/td><td><strong>Hjelpetrener<\/strong><br>Kjetil Thulin<br>975 24 211<br><a href=\"mailto:kt@augaeiendom.no\">kt@augaeiendom.no<\/a><\/td><td><strong>Hjelpetrener<\/strong><br><br><br><\/td><\/tr><tr><td><strong>Materialforvalter<\/strong><br>Gaute Houge<br>920 89 666<br><a href=\"mailto:gaute.houge@lyse.net\">gaute.houge@lyse.net<\/a><\/td><td><strong>Materialforvalter<\/strong><br>Sigbj\u00f8rn Lunde<br>473 15 529<br><a href=\"mailto:sigbjornlunde@gmail.com\">sigbjornlunde@gmail.com<\/a><\/td><td><strong>Fair Play \/ Inkludering<\/strong><br><\/td><\/tr><tr><td><strong>Dugnadskomit<\/strong>e<br><\/td><td><strong>Sosialkomite<\/strong><br><\/td><td><strong>Kasserer \/ Lagkonto<\/strong><br><\/td><\/tr><\/tbody><\/table><\/figure>\n\n\n\n<p><\/p>\n\n\n\n<div style=\"height:28px\" aria-hidden=\"true\" class=\"wp-block-spacer\"><\/div>\n\n\n\n<p><\/p>\n","protected":false},"excerpt":{"rendered":"<p>Gutter 2005 \u00d8nsker du \u00e5 trene med Hinna G2005? Vi \u00f8nsker flere spillere. M\u00f8t gjerne direkte p\u00e5 trening eller kontakt oppmann eller en av trenerne. Treningstider Laget bruker SPOND for p\u00e5melding til kamp og trening. Tirsdag 18.30 &#8211; 20.00 NSE banen Onsdag 18.30 &#8211; 20.00 Wintershall Dea (ekstra for 18-20 treningsvillige) Torsdag 17.30 &#8211; 19.00 [&hellip;]<\/p>\n","protected":false},"author":1,"featured_media":532,"parent":0,"menu_order":0,"comment_status":"closed","ping_status":"closed","template":"","meta":{"_monsterinsights_skip_tracking":false,"_monsterinsights_sitenote_active":false,"_monsterinsights_sitenote_note":"","_monsterinsights_sitenote_category":0,"spay_email":""},"jetpack_sharing_enabled":true,"_links":{"self":[{"href":"https:\/\/ensigndev.no\/hinnafk\/wp-json\/wp\/v2\/pages\/320"}],"collection":[{"href":"https:\/\/ensigndev.no\/hinnafk\/wp-json\/wp\/v2\/pages"}],"about":[{"href":"https:\/\/ensigndev.no\/hinnafk\/wp-json\/wp\/v2\/types\/page"}],"author":[{"embeddable":true,"href":"https:\/\/ensigndev.no\/hinnafk\/wp-json\/wp\/v2\/users\/1"}],"replies":[{"embeddable":true,"href":"https:\/\/ensigndev.no\/hinnafk\/wp-json\/wp\/v2\/comments?post=320"}],"version-history":[{"count":20,"href":"https:\/\/ensigndev.no\/hinnafk\/wp-json\/wp\/v2\/pages\/320\/revisions"}],"predecessor-version":[{"id":997,"href":"https:\/\/ensigndev.no\/hinnafk\/wp-json\/wp\/v2\/pages\/320\/revisions\/997"}],"wp:featuredmedia":[{"embeddable":true,"href":"https:\/\/ensigndev.no\/hinnafk\/wp-json\/wp\/v2\/media\/532"}],"wp:attachment":[{"href":"https:\/\/ensigndev.no\/hinnafk\/wp-json\/wp\/v2\/media?parent=320"}],"curies":[{"name":"wp","href":"https:\/\/api.w.org\/{rel}","templated":true}]}}