{"id":275,"date":"2020-12-08T13:25:43","date_gmt":"2020-12-08T12:25:43","guid":{"rendered":"https:\/\/ensigndev.no\/hinnafk\/?page_id=275"},"modified":"2021-06-01T09:36:32","modified_gmt":"2021-06-01T07:36:32","slug":"sport-dommere","status":"publish","type":"page","link":"https:\/\/ensigndev.no\/hinnafk\/sport-dommere\/","title":{"rendered":"Registrer deg som dommer"},"content":{"rendered":"\n<p><strong>Alle som har tatt dommerkurs, og\/eller d\u00f8mmer for Hinna m\u00e5 legge seg til i Spond.<\/strong><\/p>\n\n\n\n<p><strong><a href=\"https:\/\/group.spond.com\/UJQDC\" target=\"_blank\" rel=\"noreferrer noopener\">Hinnadommere i SPOND<\/a><\/strong><\/p>\n\n\n\n<p>Registrer dere i lenken over, om dere \u00f8nsker \u00e5 f\u00e5 tilbud om kamper for Hinnalag.<\/p>\n\n\n\n<p>Vi \u00f8nsker ogs\u00e5 at kretsdommere og h\u00f8yere registerer seg, slik at vi f\u00e5r en fullstendig database. De best utdannede dommrene f\u00e5r info\/tilbud om kamper for eldre lag.<\/p>\n\n\n\n<p><a rel=\"noreferrer noopener\" href=\"https:\/\/www.fotball.no\/dommer\/2016\/dommerpyramiden\/\" target=\"_blank\"><strong>Dommerpyramiden &#8211; fra klubbdommer til FIFA-dommer.<\/strong><\/a><\/p>\n\n\n\n<p><a rel=\"noreferrer noopener\" href=\"https:\/\/www.fotball.no\/kretser\/akershus\/dommer\/rekrutteringsdommer\/\" target=\"_blank\"><strong>Hva er og gj\u00f8r en rekrutteringsdommer &#8211; Klikk her.<\/strong><\/a><\/p>\n","protected":false},"excerpt":{"rendered":"<p>Alle som har tatt dommerkurs, og\/eller d\u00f8mmer for Hinna m\u00e5 legge seg til i Spond. Hinnadommere i SPOND Registrer dere i lenken over, om dere \u00f8nsker \u00e5 f\u00e5 tilbud om kamper for Hinnalag. Vi \u00f8nsker ogs\u00e5 at kretsdommere og h\u00f8yere registerer seg, slik at vi f\u00e5r en fullstendig database. De best utdannede dommrene f\u00e5r info\/tilbud [&hellip;]<\/p>\n","protected":false},"author":1,"featured_media":1369,"parent":0,"menu_order":0,"comment_status":"closed","ping_status":"closed","template":"","meta":{"_monsterinsights_skip_tracking":false,"_monsterinsights_sitenote_active":false,"_monsterinsights_sitenote_note":"","_monsterinsights_sitenote_category":0,"spay_email":""},"jetpack_sharing_enabled":true,"_links":{"self":[{"href":"https:\/\/ensigndev.no\/hinnafk\/wp-json\/wp\/v2\/pages\/275"}],"collection":[{"href":"https:\/\/ensigndev.no\/hinnafk\/wp-json\/wp\/v2\/pages"}],"about":[{"href":"https:\/\/ensigndev.no\/hinnafk\/wp-json\/wp\/v2\/types\/page"}],"author":[{"embeddable":true,"href":"https:\/\/ensigndev.no\/hinnafk\/wp-json\/wp\/v2\/users\/1"}],"replies":[{"embeddable":true,"href":"https:\/\/ensigndev.no\/hinnafk\/wp-json\/wp\/v2\/comments?post=275"}],"version-history":[{"count":5,"href":"https:\/\/ensigndev.no\/hinnafk\/wp-json\/wp\/v2\/pages\/275\/revisions"}],"predecessor-version":[{"id":1370,"href":"https:\/\/ensigndev.no\/hinnafk\/wp-json\/wp\/v2\/pages\/275\/revisions\/1370"}],"wp:featuredmedia":[{"embeddable":true,"href":"https:\/\/ensigndev.no\/hinnafk\/wp-json\/wp\/v2\/media\/1369"}],"wp:attachment":[{"href":"https:\/\/ensigndev.no\/hinnafk\/wp-json\/wp\/v2\/media?parent=275"}],"curies":[{"name":"wp","href":"https:\/\/api.w.org\/{rel}","templated":true}]}}