{"id":1434,"date":"2021-06-01T13:03:38","date_gmt":"2021-06-01T11:03:38","guid":{"rendered":"https:\/\/ensigndev.no\/hinnafk\/?page_id=1434"},"modified":"2021-06-02T12:29:28","modified_gmt":"2021-06-02T10:29:28","slug":"regler-og-betingelser","status":"publish","type":"page","link":"https:\/\/ensigndev.no\/hinnafk\/regler-og-betingelser\/","title":{"rendered":"Regler og betingelser"},"content":{"rendered":"\n<p><strong>Hinna Fotball AFO &#8211; Telenor Xtra<\/strong><\/p>\n\n\n\n<p><strong><br>P\u00c5 HINNA IDRETTSPARK<\/strong><br><strong>Retningslinjer for&nbsp;Hinna Fotballs Aktivitetsfritidsordning (AFO) 2020\/21<\/strong><\/p>\n\n\n\n<p>&nbsp;<strong>1.<\/strong>&nbsp;<strong>AFO<\/strong>&nbsp;er et tilbud til alle barn&nbsp;i bydelen&nbsp;fra 3. klasse. Men foruten Hinna, Forus, Vaulen og Gausel, tar vi gjerne imot unger b\u00e5de fra Kvalaberg, Lura og andre som skulle v\u00e6re interesserte.<\/p>\n\n\n\n<p><strong>2. \u00c5pningstidene<\/strong>&nbsp; er som f\u00f8lger&nbsp;<br>Mandag og tirsdag fra&nbsp;skoleslutt til kl.16.30&nbsp;<br><br>Utgangspunktet for AFOs \u00e5rsplan er planen for ordin\u00e6r SFO ved J\u00e5tten Skole.&nbsp;<\/p>\n\n\n\n<p>AFO \u00e5pner opp 1\/8. Vi vet at ikke alle benytter seg av plassen fra 1\/8, derfor har vi laget en ordning der alle er med og betaler litt, men de som benytter plassen betaler litt mer.<\/p>\n\n\n\n<p>Fra 1. aug. til skolestart&nbsp;arrangerer vi fotballskoler og FFOpen house (her er fotball prioritert, men det kan ogs\u00e5 legges inn varianter om flere fra AFO melder seg p\u00e5).<\/p>\n\n\n\n<p>Her er det ekstra, egen p\u00e5melding som gjelder, slik at vi f\u00e5r inn nok mat og personell. Da vi tilbyr AFO hele dagen 8-16, er det viktig \u00e5 vite hvor mange som kommer.<br>I feriene arrangerer vi ogs\u00e5 FFOtballskole.&nbsp; FFOtballskolene vil kreve individuell p\u00e5melding og betaling, men de med fast plass&nbsp;slipper unna med 1\/3 av prisen p\u00e5 kr. 250,-\/dag.<\/p>\n\n\n\n<p>Unntaket er romjulen. Da holder vi stengt.<\/p>\n\n\n\n<p>Vi har i tillegg 4 mobile planleggingsdager. 1 i hvert kvartal.<\/p>\n\n\n\n<p>03.01 er f\u00f8rste dag etter jul.&nbsp;<\/p>\n\n\n\n<p>AFO har \u00e5pent uansett v\u00e6r.&nbsp;Skulle v\u00e6ret bli riktig d\u00e5rlig vil Hinnahuset \/ gymsal bli benyttet til lek, spill, innetrening,&nbsp;lekselesing etc.&nbsp;&nbsp;<\/p>\n\n\n\n<p><strong>3. Deltakelse:<\/strong>&nbsp;Det er 60 tilgjengelige&nbsp;FFO\/AFO plasser hver dag. Den enkelte deltaker velger hvilke dager han\/hun vil v\u00e6re med. Forutsetningen er at det er ledig plass og at en betaler forskuddsvis.<\/p>\n\n\n\n<p><strong>4. P\u00e5melding:<\/strong>&nbsp;\u201dF\u00f8rst-til-m\u00f8lla\u201d- prinsippet gjelder.&nbsp;<br>P\u00e5meldingen er bindende.&nbsp;Vi \u00f8nsker p\u00e5meldingen i googleskjemaet p\u00e5 websidene.<br>Ved p\u00e5melding aksepteres betingelsene som er skissert i retningslinjer for Hinnas AFO.<\/p>\n\n\n\n<p><strong>5. Betaling:<\/strong>&nbsp;&nbsp;<\/p>\n\n\n\n<p>Prisene for skole\u00e5ret 2020\/2021 er pr m\u00e5ned&nbsp;:<\/p>\n\n\n\n<p><strong>Priser fra 1\/8 &#8211; 202<\/strong>2<\/p>\n\n\n\n<p>1&nbsp;dager pr. uke: &nbsp; &nbsp; &nbsp; &nbsp; 650,- &nbsp;<\/p>\n\n\n\n<p>2&nbsp;dager pr. uke: &nbsp; &nbsp; &nbsp; 1200,-<\/p>\n\n\n\n<p>3&nbsp;dager pr. uke: &nbsp; &nbsp; &nbsp; 1650,-&nbsp;<\/p>\n\n\n\n<p>4&nbsp;&nbsp;dager pr. &nbsp;uke:&nbsp;&nbsp;&nbsp;&nbsp; 2000,-&nbsp;<\/p>\n\n\n\n<p>5&nbsp; dager pr.&nbsp; uke:&nbsp;&nbsp;&nbsp;&nbsp;&nbsp;2250,-<\/p>\n\n\n\n<p>S\u00f8skenmoderasjon: 15% avslag for barn med minste plass.<\/p>\n\n\n\n<p>I tillegg kommer p\u00e5meldinger til FFOtballskoler i feriene&nbsp;p\u00e5 1\/3 av ordin\u00e6r fotballskoleavgift. Pr. 17\/5-2020 er&nbsp;ordin\u00e6r avgift&nbsp;kr. 250,- pr. dag. (ca kr, 80,- for FFO\/AFO-barn)<\/p>\n\n\n\n<p><br>Kvartalsvis&nbsp;&nbsp;innbetaling. Forskudd.&nbsp;Ingen betaling&nbsp;for juli.<\/p>\n\n\n\n<p><br><strong>6. Oppsigelse&nbsp;av plass i AFO<\/strong>: Det er bindende p\u00e5melding i AFO. Det betyr at plassen m\u00e5 sies opp skriftlig hvis den ikke skal benyttes lenger.&nbsp;Skriftlig oppsigelse sendes til&nbsp;<a href=\"mailto:ffo@hinnafk.no\">ffo@hinnafk.no<\/a><br>Oppsigelsestiden er&nbsp;&nbsp;2 m\u00e5neder regnet fra f\u00f8rstkommende m\u00e5nedsskifte.<\/p>\n\n\n\n<p>Endring av plasst\u00f8rrelse: Hvis en vil redusere plasst\u00f8rrelsen gjelder det som oppsigelse av en del av plassen og oppsigelsesreglene gjelder. Hvis en vil \u00f8ke plasst\u00f8rrelsen gjelder det som p\u00e5melding til en st\u00f8rre plassdel og p\u00e5meldingsreglene gjelder. Skal en bytte dag, sier en alts\u00e5 opp en dag (vanlig oppsigelsesfrist) og starter en ny dag n\u00e5r en \u00f8nsker.<\/p>\n\n\n\n<p>Til og med sommer 2020 ble plassen for forrige skole\u00e5r oppsagt, og man m\u00e5tte s\u00f8ke ny plass til h\u00f8sten.<\/p>\n\n\n\n<p>Fra og med sommer 2021 vil plassen l\u00f8pe videre, der kunden har ansvar for skriftlig oppsigelse, dersom plassen ikke g\u00e5r videre til h\u00f8sten.<\/p>\n\n\n\n<p><strong>7. Dagsplan:<\/strong>&nbsp;AFO er \u00e5pen fra skoleslutt. Lekser, egentrening&nbsp;og lek frem til&nbsp;14.00. Da er det mat.<br>Organisert aktivitet 14.45 &#8211; 15.55. AFO stenger d\u00f8rene kl. 16.30.<\/p>\n\n\n\n<p><strong>8. AFO-ledere:<\/strong>&nbsp;AFO vil bli ledet av Nilsi Aarrestad. Nilsi er tidligere sportslig koordinator i Hinna Fotball. Har ogs\u00e5 v\u00e6rt trener for flere lag. B\u00e5de aldersbestemt og p\u00e5 A-lagsniv\u00e5. B\u00e5de i Hinna og i andre klubber. B\u00e5de i Fotball og i h\u00e5ndball. Han har ogs\u00e5 erfaring fra Volleyball og en rekke mindre aktiviteter.<\/p>\n\n\n\n<p>Kristian Boganes er ogs\u00e5 med og har 10 \u00e5rs erfaring fra FFO.<\/p>\n\n\n\n<p>\u00d8vrige instrukt\u00f8rer h\u00e5ndplukkes, stort sett fra klubbens egne rekker. Men etter at vi \u00e5pner AFO er vi ogs\u00e5 \u00e5pne for \u00e5 ansette instrukt\u00f8rer uten fotballbakgrunn.<\/p>\n\n\n\n<p>Vi skal v\u00e6re minst 2 ledere frem til lunch. Slik at vi f\u00e5r v\u00e6rt hjulpet ungene godt i vei med leksene.<\/p>\n\n\n\n<p>P\u00e5 treningsfeltet skal vi v\u00e6re&nbsp;flere ledere, for \u00e5 f\u00e5 differensiert treningene.&nbsp;<\/p>\n\n\n\n<p><strong>9. Mat:<\/strong>&nbsp;Det serveres sunne m\u00e5ltider.&nbsp;Annenhver dag&nbsp;serverer vi en varmrett.&nbsp;Gi informasjon ved spesielle matbehov.&nbsp;&nbsp;<\/p>\n\n\n\n<p>Fra h\u00f8st 2020 blir mat levert fra ekstern leverand\u00f8r. Noe som skal heve standarden enda noen hakk.<\/p>\n\n\n\n<p><strong>10. Leksehjelp:<\/strong>&nbsp;Ungene f\u00e5r veiledning og hjelp til leksene.&nbsp;I noen tilfeller setter vi i samarbeid med skolen og foreldre&nbsp;opp en plan for hvilke lekser barnet skal gj\u00f8re og f\u00e5 hjelp til p\u00e5 FFO.&nbsp;<\/p>\n\n\n\n<p>Det motiveres sterkt til \u00e5 f\u00e5 unna leksene f\u00f8r mat\/trening.<br>&nbsp;<\/p>\n\n\n\n<p><strong>11. Aktivitetenes innhold:<\/strong>&nbsp;Fokus er \u00e5 skape aktivitetsglede.<br>Ballspill, hinderl\u00f8yper, turer, basistrening, konkurranser mm.<\/p>\n\n\n\n<p>Vi vil trene b\u00e5de inne og ute.<\/p>\n\n\n\n<p><strong>12.&nbsp;Forsikring \/&nbsp;Skader\/sykdom:<\/strong>&nbsp;Alle medlemmer av Hinna FFO\/AFO &#8211; Telenor Xtra, er forsikret gjennom NFFs avtaler. Ved skader i FFO\/AFO-regi anbefales foresatte \u00e5 melde inn skade til&nbsp;<a href=\"https:\/\/www.fotball.no\/klubb-og-leder\/forsikring\/2016\/idrettens-skadetelefon\/\" target=\"_blank\" rel=\"noreferrer noopener\">Idrettens Skadetelefon. 98702033 .&nbsp;<\/a><a href=\"https:\/\/www.fotball.no\/klubb-og-leder\/forsikring\/2016\/idrettens-skadetelefon\/\" target=\"_blank\" rel=\"noreferrer noopener\">Det er bedre \u00e5 melde inn en skade for mye, enn en for lite. Ved eventuelle senskader er det viktig \u00e5 ha rapportert inn hendelsene p\u00e5 riktig tid. En risikerer ogs\u00e5 \u00e5 ikke f\u00e5 dekket noe av behandling om man ikke konfererer med skadetelefonen, og f\u00e5r anbefalt behandlingssted.<\/a><\/p>\n\n\n\n<p>Ved lengre tids sykdom\/skader kan betalingslettelser gis. Forutsetningen er informasjon om sykdommen\/skaden til FFO\/AFOs daglige leder og kopi av legeerkl\u00e6ring.<\/p>\n\n\n\n<p><strong>13. Informajon \/ nyheter:<\/strong><\/p>\n\n\n\n<ul><li>Alle foresatte plikter \u00e5 holde seg orientert med regelverket p\u00e5 AFO.<\/li><li>ALLE m\u00e5 bruke SPOND og melde forfall her.<\/li><li>ALLE skal\u00a0abonnere p\u00e5 nyheter fra FFO\/AFOs websider. Gj\u00f8res lengre ned p\u00e5 denne siden<\/li><li>Info legges ogs\u00e5 ut som supplement p\u00e5 Facebooksidene.<\/li><\/ul>\n","protected":false},"excerpt":{"rendered":"<p>Hinna Fotball AFO &#8211; Telenor Xtra P\u00c5 HINNA IDRETTSPARKRetningslinjer for&nbsp;Hinna Fotballs Aktivitetsfritidsordning (AFO) 2020\/21 &nbsp;1.&nbsp;AFO&nbsp;er et tilbud til alle barn&nbsp;i bydelen&nbsp;fra 3. klasse. Men foruten Hinna, Forus, Vaulen og Gausel, tar vi gjerne imot unger b\u00e5de fra Kvalaberg, Lura og andre som skulle v\u00e6re interesserte. 2. \u00c5pningstidene&nbsp; er som f\u00f8lger&nbsp;Mandag og tirsdag fra&nbsp;skoleslutt til kl.16.30&nbsp; [&hellip;]<\/p>\n","protected":false},"author":4,"featured_media":0,"parent":0,"menu_order":0,"comment_status":"closed","ping_status":"closed","template":"","meta":{"_monsterinsights_skip_tracking":false,"_monsterinsights_sitenote_active":false,"_monsterinsights_sitenote_note":"","_monsterinsights_sitenote_category":0,"spay_email":""},"jetpack_sharing_enabled":true,"_links":{"self":[{"href":"https:\/\/ensigndev.no\/hinnafk\/wp-json\/wp\/v2\/pages\/1434"}],"collection":[{"href":"https:\/\/ensigndev.no\/hinnafk\/wp-json\/wp\/v2\/pages"}],"about":[{"href":"https:\/\/ensigndev.no\/hinnafk\/wp-json\/wp\/v2\/types\/page"}],"author":[{"embeddable":true,"href":"https:\/\/ensigndev.no\/hinnafk\/wp-json\/wp\/v2\/users\/4"}],"replies":[{"embeddable":true,"href":"https:\/\/ensigndev.no\/hinnafk\/wp-json\/wp\/v2\/comments?post=1434"}],"version-history":[{"count":1,"href":"https:\/\/ensigndev.no\/hinnafk\/wp-json\/wp\/v2\/pages\/1434\/revisions"}],"predecessor-version":[{"id":1435,"href":"https:\/\/ensigndev.no\/hinnafk\/wp-json\/wp\/v2\/pages\/1434\/revisions\/1435"}],"wp:attachment":[{"href":"https:\/\/ensigndev.no\/hinnafk\/wp-json\/wp\/v2\/media?parent=1434"}],"curies":[{"name":"wp","href":"https:\/\/api.w.org\/{rel}","templated":true}]}}